{"id":56837,"date":"2021-07-15T03:31:50","date_gmt":"2021-07-15T01:31:50","guid":{"rendered":"https:\/\/www.oxfamfairtrade.be\/?post_type=product&#038;p=56837"},"modified":"2026-04-29T03:21:58","modified_gmt":"2026-04-29T01:21:58","slug":"barre-sesame-bio-au-chocolat-noir","status":"publish","type":"product","link":"https:\/\/www.oxfamfairtrade.be\/fr\/produits\/aliments\/snacks\/biscuits-barres\/barre-sesame-bio-au-chocolat-noir\/","title":{"rendered":"Barre s\u00e9same bio au chocolat noir"},"content":{"rendered":"<p>Une d\u00e9licieuse source d&rsquo;\u00e9nergie \u00e0 base d&rsquo;ingr\u00e9dients bio: chocolat noir et de graines de s\u00e9same. Un snack biologique croquant, riche en fibres.<\/p>\n","protected":false},"excerpt":{"rendered":"<p>Barre \u00e9nerg\u00e9tique savoureuse au chocolat noir et aux graines de s\u00e9same. Un en-cas biologique croquant rempli de fibres.<\/p>\n","protected":false},"featured_media":57674,"template":"","meta":{"_acf_changed":false,"_relevanssi_hide_post":"","_relevanssi_hide_content":"","_relevanssi_pin_for_all":"","_relevanssi_pin_keywords":"","_relevanssi_unpin_keywords":"","_relevanssi_related_keywords":"","_relevanssi_related_include_ids":"","_relevanssi_related_exclude_ids":"","_relevanssi_related_no_append":"","_relevanssi_related_not_related":"","_relevanssi_related_posts":"","_relevanssi_noindex_reason":"","footnotes":""},"product_partner":[876,882,560,868,2123],"product_allergen":[972,949,983],"product_cat":[919],"product_tag":[],"product_client_type":[3668,1403,1410,3657,1402,4337],"product_diet":[581,582,583],"product_packaging":[1099,1135],"product_storage":[1102,1104],"product_grape":[],"product_recipe":[],"product_flavour":[],"class_list":["post-56837","product","type-product","status-publish","has-post-thumbnail","hentry","product_partner-acopagro","product_partner-cac-oro-verde","product_partner-conacado","product_partner-manduvira","product_partner-sakaran","product_cat-biscuits-barres","pa_bio-oui","pa_fairtrade-oui","pa_merk-oxfam-fair-trade","product_diet-sans-gluten","product_diet-sans-lactose","product_diet-vegetalien"],"acf":[],"_links":{"self":[{"href":"https:\/\/www.oxfamfairtrade.be\/fr\/wp-json\/wp\/v2\/product\/56837","targetHints":{"allow":["GET"]}}],"collection":[{"href":"https:\/\/www.oxfamfairtrade.be\/fr\/wp-json\/wp\/v2\/product"}],"about":[{"href":"https:\/\/www.oxfamfairtrade.be\/fr\/wp-json\/wp\/v2\/types\/product"}],"version-history":[{"count":10,"href":"https:\/\/www.oxfamfairtrade.be\/fr\/wp-json\/wp\/v2\/product\/56837\/revisions"}],"predecessor-version":[{"id":112970,"href":"https:\/\/www.oxfamfairtrade.be\/fr\/wp-json\/wp\/v2\/product\/56837\/revisions\/112970"}],"wp:featuredmedia":[{"embeddable":true,"href":"https:\/\/www.oxfamfairtrade.be\/fr\/wp-json\/wp\/v2\/media\/57674"}],"wp:attachment":[{"href":"https:\/\/www.oxfamfairtrade.be\/fr\/wp-json\/wp\/v2\/media?parent=56837"}],"wp:term":[{"taxonomy":"product_partner","embeddable":true,"href":"https:\/\/www.oxfamfairtrade.be\/fr\/wp-json\/wp\/v2\/product_partner?post=56837"},{"taxonomy":"product_allergen","embeddable":true,"href":"https:\/\/www.oxfamfairtrade.be\/fr\/wp-json\/wp\/v2\/product_allergen?post=56837"},{"taxonomy":"product_cat","embeddable":true,"href":"https:\/\/www.oxfamfairtrade.be\/fr\/wp-json\/wp\/v2\/product_cat?post=56837"},{"taxonomy":"product_tag","embeddable":true,"href":"https:\/\/www.oxfamfairtrade.be\/fr\/wp-json\/wp\/v2\/product_tag?post=56837"},{"taxonomy":"product_client_type","embeddable":true,"href":"https:\/\/www.oxfamfairtrade.be\/fr\/wp-json\/wp\/v2\/product_client_type?post=56837"},{"taxonomy":"product_diet","embeddable":true,"href":"https:\/\/www.oxfamfairtrade.be\/fr\/wp-json\/wp\/v2\/product_diet?post=56837"},{"taxonomy":"product_packaging","embeddable":true,"href":"https:\/\/www.oxfamfairtrade.be\/fr\/wp-json\/wp\/v2\/product_packaging?post=56837"},{"taxonomy":"product_storage","embeddable":true,"href":"https:\/\/www.oxfamfairtrade.be\/fr\/wp-json\/wp\/v2\/product_storage?post=56837"},{"taxonomy":"product_grape","embeddable":true,"href":"https:\/\/www.oxfamfairtrade.be\/fr\/wp-json\/wp\/v2\/product_grape?post=56837"},{"taxonomy":"product_recipe","embeddable":true,"href":"https:\/\/www.oxfamfairtrade.be\/fr\/wp-json\/wp\/v2\/product_recipe?post=56837"},{"taxonomy":"product_flavour","embeddable":true,"href":"https:\/\/www.oxfamfairtrade.be\/fr\/wp-json\/wp\/v2\/product_flavour?post=56837"}],"curies":[{"name":"wp","href":"https:\/\/api.w.org\/{rel}","templated":true}]}}

Barre sésame bio au chocolat noir

<p>Une délicieuse source d&rsquo;énergie à base d&rsquo;ingrédients bio: chocolat noir et de graines de sésame. Un snack biologique croquant, riche en fibres.</p>

<p>Barre énergétique savoureuse au chocolat noir et aux graines de sésame. Un en-cas biologique croquant rempli de fibres.</p>
