{"id":5169,"date":"2018-10-30T00:00:00","date_gmt":"2018-10-29T23:00:00","guid":{"rendered":"https:\/\/www.oxfamfairtrade.be\/producten\/niet-gecategoriseerd\/cafe-bio-gold-en-grains\/"},"modified":"2026-04-30T03:17:58","modified_gmt":"2026-04-30T01:17:58","slug":"cafe-ethiopie-bio-en-grains","status":"publish","type":"product","link":"https:\/\/www.oxfamfairtrade.be\/fr\/produits\/aliments\/cafe\/grains\/cafe-ethiopie-bio-en-grains\/","title":{"rendered":"Caf\u00e9 Ethiopie bio en grains"},"content":{"rendered":"<p>L\u00e9g\u00e8rement torr\u00e9fi\u00e9, corps doux, palette aromatique riche et florale avec une belle acidit\u00e9, typique de ce caf\u00e9 d&rsquo;origine mondialement connu en provenance du sud de l&rsquo;\u00c9thiopie. 100% arabica.<\/p>\n","protected":false},"excerpt":{"rendered":"<p>L&rsquo;or \u00e9thiopien, en grains. Du berceau du caf\u00e9.<\/p>\n","protected":false},"featured_media":65660,"template":"","meta":{"_acf_changed":false,"_relevanssi_hide_post":"","_relevanssi_hide_content":"","_relevanssi_pin_for_all":"","_relevanssi_pin_keywords":"","_relevanssi_unpin_keywords":"","_relevanssi_related_keywords":"","_relevanssi_related_include_ids":"","_relevanssi_related_exclude_ids":"","_relevanssi_related_no_append":"","_relevanssi_related_not_related":"","_relevanssi_related_posts":"","_relevanssi_noindex_reason":"","footnotes":""},"product_partner":[1353],"product_allergen":[1154],"product_cat":[1309],"product_tag":[],"product_client_type":[3668,1403,1410,3657,1402,1725,4337],"product_diet":[581,582,583],"product_packaging":[1099,1135],"product_storage":[1105,1104],"product_grape":[],"product_recipe":[],"product_flavour":[],"class_list":["post-5169","product","type-product","status-publish","has-post-thumbnail","hentry","product_partner-sidama-cfcu","product_cat-grains","pa_bio-oui","pa_fairtrade-oui","pa_merk-oxfam-fair-trade","product_diet-sans-gluten","product_diet-sans-lactose","product_diet-vegetalien"],"acf":[],"_links":{"self":[{"href":"https:\/\/www.oxfamfairtrade.be\/fr\/wp-json\/wp\/v2\/product\/5169","targetHints":{"allow":["GET"]}}],"collection":[{"href":"https:\/\/www.oxfamfairtrade.be\/fr\/wp-json\/wp\/v2\/product"}],"about":[{"href":"https:\/\/www.oxfamfairtrade.be\/fr\/wp-json\/wp\/v2\/types\/product"}],"version-history":[{"count":6,"href":"https:\/\/www.oxfamfairtrade.be\/fr\/wp-json\/wp\/v2\/product\/5169\/revisions"}],"predecessor-version":[{"id":112893,"href":"https:\/\/www.oxfamfairtrade.be\/fr\/wp-json\/wp\/v2\/product\/5169\/revisions\/112893"}],"wp:featuredmedia":[{"embeddable":true,"href":"https:\/\/www.oxfamfairtrade.be\/fr\/wp-json\/wp\/v2\/media\/65660"}],"wp:attachment":[{"href":"https:\/\/www.oxfamfairtrade.be\/fr\/wp-json\/wp\/v2\/media?parent=5169"}],"wp:term":[{"taxonomy":"product_partner","embeddable":true,"href":"https:\/\/www.oxfamfairtrade.be\/fr\/wp-json\/wp\/v2\/product_partner?post=5169"},{"taxonomy":"product_allergen","embeddable":true,"href":"https:\/\/www.oxfamfairtrade.be\/fr\/wp-json\/wp\/v2\/product_allergen?post=5169"},{"taxonomy":"product_cat","embeddable":true,"href":"https:\/\/www.oxfamfairtrade.be\/fr\/wp-json\/wp\/v2\/product_cat?post=5169"},{"taxonomy":"product_tag","embeddable":true,"href":"https:\/\/www.oxfamfairtrade.be\/fr\/wp-json\/wp\/v2\/product_tag?post=5169"},{"taxonomy":"product_client_type","embeddable":true,"href":"https:\/\/www.oxfamfairtrade.be\/fr\/wp-json\/wp\/v2\/product_client_type?post=5169"},{"taxonomy":"product_diet","embeddable":true,"href":"https:\/\/www.oxfamfairtrade.be\/fr\/wp-json\/wp\/v2\/product_diet?post=5169"},{"taxonomy":"product_packaging","embeddable":true,"href":"https:\/\/www.oxfamfairtrade.be\/fr\/wp-json\/wp\/v2\/product_packaging?post=5169"},{"taxonomy":"product_storage","embeddable":true,"href":"https:\/\/www.oxfamfairtrade.be\/fr\/wp-json\/wp\/v2\/product_storage?post=5169"},{"taxonomy":"product_grape","embeddable":true,"href":"https:\/\/www.oxfamfairtrade.be\/fr\/wp-json\/wp\/v2\/product_grape?post=5169"},{"taxonomy":"product_recipe","embeddable":true,"href":"https:\/\/www.oxfamfairtrade.be\/fr\/wp-json\/wp\/v2\/product_recipe?post=5169"},{"taxonomy":"product_flavour","embeddable":true,"href":"https:\/\/www.oxfamfairtrade.be\/fr\/wp-json\/wp\/v2\/product_flavour?post=5169"}],"curies":[{"name":"wp","href":"https:\/\/api.w.org\/{rel}","templated":true}]}}

Café Ethiopie bio en grains

<p>Légèrement torréfié, corps doux, palette aromatique riche et florale avec une belle acidité, typique de ce café d&rsquo;origine mondialement connu en provenance du sud de l&rsquo;Éthiopie. 100% arabica.</p>

<p>L&rsquo;or éthiopien, en grains. Du berceau du café.</p>
